the remainder when 4982 is divided by 39?
29
What is the remainder when 4597 is divided by 25?
22
What is the remainder when 95 is divided by 69?
26
What is the remainder when 1924 is divided by 381?
19
What is the remainder when 800 is divided by 31?
25
Calculate the remainder when 496 is divided by 28.
20
Calculate the remainder when 524 is divided by 61.
36
Calculate the remainder when 46 is divided by 10.
6
What is the remainder when 172 is divided by 171?
1
Calculate the remainder when 469 is divided by 82.
59
What is the remainder when 525 is divided by 8?
5
What is the remainder when 364 is divided by 16?
12
Calculate the remainder when 6951 is divided by 19.
16
Calculate the remainder when 1468 is divided by 98.
96
Calculate the remainder when 3392 is divided by 87.
86
Calculate the remainder when 400 is divided by 15.
10
What is the remainder when 7399 is divided by 37?
36
What is the remainder when 152 is divided by 61?
30
Calculate the remainder when 3385 is divided by 3380.
5
What is the remainder when 1338 is divided by 68?
46
What is the remainder when 283 is divided by 73?
64
What is the remainder when 333 is divided by 34?
27
What is the remainder when 63 is divided by 16?
15
Calculate the remainder when 125 is divided by 13.
8
What is the remainder when 181 is divided by 27?
19
What is the remainder when 742 is divided by 64?
38
What is the remainder when 536 is divided by 185?
166
What is the remainder when 748 is divided by 736?
12
Calculate the remainder when 3665 is divided by 131.
128
What is the remainder when 2868 is divided by 115?
108
Calculate the remainder when 9745 is divided by 30.
25
Calculate the remainder when 61 is divided by 7.
5
Calculate the remainder when 37 is divided by 21.
16
What is the remainder when 2108 is divided by 66?
62
What is the remainder when 243 is divided by 21?
12
What is the remainder when 5108 is divided by 119?
110
What is the remainder when 14 is divided by 2?
0
Calculate the remainder when 31 is divided by 10.
1
Calculate the remainder when 4315 is divided by 72.
67
What is the remainder when 32 is divided by 7?
4
Calculate the remainder when 619 is divided by 211.
197
Calculate the remainder when 4956 is divided by 17.
9
What is the remainder when 92 is divided by 12?
8
What is the remainder when 214 is divided by 8?
6
What is the remainder when 417 is divided by 22?
21
Calculate the remainder when 473 is divided by 43.
0
What is the remainder when 769 is divided by 70?
69
Calculate the remainder when 35 is divided by 18.
17
What is the remainder when 155 is divided by 13?
12
What is the remainder when 1006 is divided by 167?
4
Calculate the remainder when 311 is divided by 308.
3
What is the remainder when 457 is divided by 110?
17
Calculate the remainder when 177 is divided by 91.
86
What is the remainder when 158 is divided by 40?
38
Calculate the remainder when 311 is divided by 156.
155
Calculate the remainder when 265 is divided by 142.
123
Calculate the remainder when 72 is divided by 6.
0
What is the remainder when 1061 is divided by 19?
16
What is the remainder when 502 is divided by 128?
118
Calculate the remainder when 303 is divided by 18.
15
What is the remainder when 301 is divided by 98?
7
Calculate the remainder when 51 is divided by 2.
1
What is the remainder when 120 is divided by 40?
0
What is the remainder when 39 is divided by 20?
19
Calculate the remainder when 3278 is divided by 40.
38
What is the remainder when 1864 is divided by 619?
7
Calculate the remainder when 2711 is divided by 59.
56
What is the remainder when 202 is divided by 15?
7
Calculate the remainder when 94 is divided by 11.
6
What is the remainder when 164 is divided by 68?
28
What is the remainder when 4273 is divided by 153?
142
What is the remainder when 440 is divided by 26?
24
Calculate the remainder when 2745 is divided by 153.
144
Calculate the remainder when 1176 is divided by 33.
21
What is the remainder when 772 is divided by 243?
43
What is the remainder when 849 is divided by 4?
1
What is the remainder when 154 is divided by 23?
16
Calculate the remainder when 4245 is divided by 193.
192
Calculate the remainder when 5207 is divided by 62.
61
What is the remainder when 7611 is divided by 6?
3
Calculate the remainder when 623 is divided by 12.
11
What is the remainder when 238 is divided by 79?
1
What is the remainder when 8711 is divided by 249?
245
What is the remainder when 52 is divided by 30?
22
Calculate the remainder when 712 is divided by 51.
49
What is the remainder when 1416 is divided by 33?
30
Calculate the remainder when 66 is divided by 26.
14
What is the remainder when 142 is divided by 11?
10
Calculate the remainder when 488 is divided by 33.
26
Calculate the remainder when 3825 is divided by 12.
9
What is the remainder when 1732 is divided by 175?
157
What is the remainder when 272 is divided by 10?
2
What is the remainder when 921 is divided by 20?
1
Calculate the remainder when 135 is divided by 119.
16
Calculate the remainder when 1302 is divided by 8.
6
What is the remainder when 1138 is divided by 125?
13
What is the remainder when 1002 is divided by 383?
236
What is the remainder when 142 is divided by 38?
28
What is the remainder when 236 is divided by 68?
32
Calculate the remainder when 41 is divided by 25.
16
What is the remainder when 2005 is divided by 56?
45
What is the remainder when 170 is divided by 158?
12
Calculate the remainder when 165 is divided by 56.
53
What is the remainder when 2299 is divided by 230?
229
What is the remainder when 313 is divided by 96?
25
Calculate the remainder when 150 is divided by 40.
30
What is the remainder when 791 is divided by 9?
8
Calculate the remainder when 1145 is divided by 82.
79
Calculate the remainder when 3430 is divided by 11.
9
Calculate the remainder when 366 is divided by 92.
90
What is the remainder when 252 is divided by 11?
10
Calculate the remainder when 514 is divided by 53.
37
What is the remainder when 487 is divided by 35?
32
What is the remainder when 5194 is divided by 26?
20
What is the remainder when 166 is divided by 31?
11
What is the remainder when 490 is divided by 148?
46
What is the remainder when 7418 is divided by 12?
2
What is the remainder when 1304 is divided by 144?
8
What is the remainder when 364 is divided by 119?
7
What is the remainder when 628 is divided by 14?
12
Calculate the remainder when 1340 is divided by 326.
36
What is the remainder when 256 is divided by 88?
80
Calculate the remainder when 207 is divided by 74.
59
What is the remainder when 387 is divided by 359?
28
What is the remainder when 992 is divided by 69?
26
Calculate the remainder when 324 is divided by 33.
27
Calculate the remainder when 228 is divided by 1.
0
Calculate the remainder when 255 is divided by 25.
5
Calculate the remainder when 56 is divided by 20.
16
What is the remainder when 248 is divided by 131?
117
What is the remainder when 213 is divided by 210?
3
Calculate the remainder when 63 is divided by 41.
22
Calculate the remainder when 353 is divided by 35.
3
What is the remainder when 4513 is divided by 15?
13
What is the remainder when 93 is divided by 69?
24
What is the remainder when 94 is divided by 78?
16
Calculate the remainder when 1125 is divided by 381.
363
What is the remainder when 347 is divided by 27?
23
Calculate the remainder when 181 is divided by 24.
13
Calculate the remainder when 607 is divided by 84.
19
Calculate the remainder when 115 is divided by 29.
28
Calculate the remainder when 108 is divided by 37.
34
What is the remainder when 624 is divided by 20?
4
What is the remainder when 25 is divided by 13?
12
Calculate the remainder when 170 is divided by 121.
49
Calculate the remainder when 194 is divided by 40.
34
What is the remainder when 189 is divided by 5?
4
What is the remainder when 19 is divided by 4?
3
Calculate the remainder when 105 is divided by 45.
15
What is the remainder when 302 is divided by 34?
30
What is the remainder when 91 is divided by 29?
4
Calculate the remainder when 1021 is divided by 128.
125
Calculate the remainder when 254 is divided by 67.
53
What is the remainder when 117 is divided by 77?
40
What is the remainder when 857 is divided